{"id":26,"date":"2011-08-29T21:24:01","date_gmt":"2011-08-29T19:24:01","guid":{"rendered":"http:\/\/www.mbu-con.se\/?page_id=26"},"modified":"2023-03-13T18:04:17","modified_gmt":"2023-03-13T17:04:17","slug":"om-oss","status":"publish","type":"page","link":"https:\/\/www.mbu-con.se\/?page_id=26","title":{"rendered":"Om MBU &#8211; Kontakt"},"content":{"rendered":"\n<p>MBU Constructions AB \u00e4r ett f\u00f6retag i Kalmar som \u00e4gs och drivs av:<\/p>\n\n\n\n<figure class=\"wp-block-table\"><table><tbody><tr><td><img loading=\"lazy\" title=\"Mikael Andersson\" width=\"158\" height=\"169\" class=\"alignnone size-full wp-image-27\" src=\"http:\/\/www.mbu-con.se\/wp-content\/uploads\/2011\/08\/mikael.png\" alt=\"Mikael Andersson\"><\/td><td><img loading=\"lazy\" title=\"Bj\u00f6rn Ohlsson\" width=\"158\" height=\"169\" class=\"alignnone size-full wp-image-28\" src=\"http:\/\/www.mbu-con.se\/wp-content\/uploads\/2011\/08\/bjorn.png\" alt=\"Bj\u00f6rn Ohlsson\"><\/td><td><img loading=\"lazy\" title=\"Ulf Sperlinge\" width=\"158\" height=\"169\" class=\"alignnone size-full wp-image-29\" src=\"http:\/\/www.mbu-con.se\/wp-content\/uploads\/2011\/08\/ulf.png\" alt=\"Ulf Sperlinge\"><\/td><\/tr><tr><td><strong>Mikael Andersson<\/strong><br>Ambulanssjuksk\u00f6terska<br>Arbetat p\u00e5 ambulansen <br>i Kalmar sedan 1986<\/td><td><strong>Bj\u00f6rn Ohlsson<\/strong><br>Ambulanssjuksk\u00f6terska<br>Arbetat p\u00e5 ambulansen <br>i Kalmar sedan1984<\/td><td><strong>Ulf Sperlinge<\/strong><br>Ambulans- och anestesi-<br>sjuksk\u00f6terska. Arbetat p\u00e5 <br>ambulansen i<br>Kalmar sedan1985<\/td><\/tr><\/tbody><\/table><\/figure>\n\n\n\n\n\n<h2><span style=\"color: #bcbc1e;\"><strong>MBU Constructions AB<\/strong><\/span><\/h2>\n\n\n\n<p>Ulfeldsgatan 2,\u00a0 39244 Kalmar<br>E-postadress: <a href=\"mailto:info@mbu-con.se\">info@mbu-con.se<\/a><\/p>\n\n\n\n<p><strong><span style=\"color: #bcbc1e;\">Alternativa kontaktuppgifter:<\/span><\/strong><\/p>\n\n\n\n<p><strong>Mikael Andersson<\/strong><br>070-615 75 10<\/p>\n\n\n\n<p><strong>Bj\u00f6rn Ohlsson<\/strong><br>070-513 77 48<\/p>\n\n\n\n<p><strong>Ulf Sperlinge<\/strong><br>073-390 17 90<\/p>\n","protected":false},"excerpt":{"rendered":"<p>MBU Constructions AB \u00e4r ett f\u00f6retag i Kalmar som \u00e4gs och drivs av: Mikael AnderssonAmbulanssjuksk\u00f6terskaArbetat p\u00e5 ambulansen i Kalmar sedan 1986 Bj\u00f6rn OhlssonAmbulanssjuksk\u00f6terskaArbetat p\u00e5 ambulansen i Kalmar sedan1984 Ulf SperlingeAmbulans- och anestesi-sjuksk\u00f6terska. Arbetat p\u00e5 ambulansen iKalmar sedan1985 MBU Constructions AB &hellip; <a href=\"https:\/\/www.mbu-con.se\/?page_id=26\">L\u00e4s mer <span class=\"meta-nav\">&rarr;<\/span><\/a><\/p>\n","protected":false},"author":1,"featured_media":0,"parent":0,"menu_order":7,"comment_status":"closed","ping_status":"closed","template":"onecolumn-page.php","meta":[],"_links":{"self":[{"href":"https:\/\/www.mbu-con.se\/index.php?rest_route=\/wp\/v2\/pages\/26"}],"collection":[{"href":"https:\/\/www.mbu-con.se\/index.php?rest_route=\/wp\/v2\/pages"}],"about":[{"href":"https:\/\/www.mbu-con.se\/index.php?rest_route=\/wp\/v2\/types\/page"}],"author":[{"embeddable":true,"href":"https:\/\/www.mbu-con.se\/index.php?rest_route=\/wp\/v2\/users\/1"}],"replies":[{"embeddable":true,"href":"https:\/\/www.mbu-con.se\/index.php?rest_route=%2Fwp%2Fv2%2Fcomments&post=26"}],"version-history":[{"count":50,"href":"https:\/\/www.mbu-con.se\/index.php?rest_route=\/wp\/v2\/pages\/26\/revisions"}],"predecessor-version":[{"id":713,"href":"https:\/\/www.mbu-con.se\/index.php?rest_route=\/wp\/v2\/pages\/26\/revisions\/713"}],"wp:attachment":[{"href":"https:\/\/www.mbu-con.se\/index.php?rest_route=%2Fwp%2Fv2%2Fmedia&parent=26"}],"curies":[{"name":"wp","href":"https:\/\/api.w.org\/{rel}","templated":true}]}}